emainder when 72 is divided by 72?
0
What is the remainder when 681 is divided by 86?
79
What is the remainder when 221 is divided by 29?
18
Calculate the remainder when 700 is divided by 98.
14
Calculate the remainder when 1599 is divided by 32.
31
Calculate the remainder when 544 is divided by 42.
40
What is the remainder when 1166 is divided by 90?
86
What is the remainder when 316 is divided by 150?
16
Calculate the remainder when 5646 is divided by 18.
12
Calculate the remainder when 1046 is divided by 223.
154
What is the remainder when 171 is divided by 33?
6
Calculate the remainder when 44 is divided by 6.
2
Calculate the remainder when 66 is divided by 23.
20
What is the remainder when 1141 is divided by 11?
8
Calculate the remainder when 365 is divided by 56.
29
Calculate the remainder when 282 is divided by 75.
57
Calculate the remainder when 426 is divided by 212.
2
Calculate the remainder when 193 is divided by 28.
25
Calculate the remainder when 177 is divided by 84.
9
Calculate the remainder when 3218 is divided by 46.
44
What is the remainder when 13 is divided by 4?
1
Calculate the remainder when 37 is divided by 13.
11
Calculate the remainder when 1191 is divided by 41.
2
Calculate the remainder when 169 is divided by 83.
3
What is the remainder when 421 is divided by 102?
13
What is the remainder when 516 is divided by 152?
60
What is the remainder when 330 is divided by 88?
66
What is the remainder when 775 is divided by 13?
8
Calculate the remainder when 215 is divided by 122.
93
Calculate the remainder when 671 is divided by 111.
5
Calculate the remainder when 12284 is divided by 117.
116
Calculate the remainder when 1068 is divided by 21.
18
What is the remainder when 881 is divided by 80?
1
Calculate the remainder when 8723 is divided by 29.
23
What is the remainder when 1174 is divided by 49?
47
Calculate the remainder when 357 is divided by 39.
6
Calculate the remainder when 146 is divided by 110.
36
Calculate the remainder when 1155 is divided by 58.
53
Calculate the remainder when 827 is divided by 296.
235
What is the remainder when 119 is divided by 36?
11
What is the remainder when 573 is divided by 12?
9
What is the remainder when 533 is divided by 45?
38
Calculate the remainder when 150 is divided by 19.
17
What is the remainder when 328 is divided by 170?
158
Calculate the remainder when 231 is divided by 57.
3
What is the remainder when 437 is divided by 7?
3
What is the remainder when 182 is divided by 19?
11
Calculate the remainder when 938 is divided by 47.
45
Calculate the remainder when 80 is divided by 2.
0
Calculate the remainder when 106 is divided by 30.
16
What is the remainder when 1158 is divided by 83?
79
Calculate the remainder when 1806 is divided by 27.
24
What is the remainder when 1305 is divided by 143?
18
Calculate the remainder when 2071 is divided by 61.
58
Calculate the remainder when 173 is divided by 71.
31
What is the remainder when 88 is divided by 30?
28
Calculate the remainder when 30 is divided by 3.
0
What is the remainder when 196 is divided by 50?
46
What is the remainder when 1165 is divided by 336?
157
Calculate the remainder when 569 is divided by 235.
99
Calculate the remainder when 59 is divided by 21.
17
Calculate the remainder when 787 is divided by 128.
19
What is the remainder when 117 is divided by 51?
15
Calculate the remainder when 148 is divided by 8.
4
What is the remainder when 14557 is divided by 224?
221
Calculate the remainder when 1032 is divided by 47.
45
Calculate the remainder when 1334 is divided by 39.
8
Calculate the remainder when 828 is divided by 165.
3
Calculate the remainder when 559 is divided by 8.
7
What is the remainder when 357 is divided by 312?
45
Calculate the remainder when 2844 is divided by 114.
108
What is the remainder when 67 is divided by 41?
26
Calculate the remainder when 231 is divided by 73.
12
Calculate the remainder when 1574 is divided by 390.
14
What is the remainder when 1234 is divided by 12?
10
Calculate the remainder when 6039 is divided by 114.
111
Calculate the remainder when 1065 is divided by 12.
9
What is the remainder when 909 is divided by 12?
9
Calculate the remainder when 18 is divided by 6.
0
Calculate the remainder when 4433 is divided by 5.
3
What is the remainder when 812 is divided by 51?
47
What is the remainder when 439 is divided by 7?
5
Calculate the remainder when 66 is divided by 4.
2
Calculate the remainder when 44 is divided by 19.
6
Calculate the remainder when 173 is divided by 35.
33
What is the remainder when 1478 is divided by 76?
34
Calculate the remainder when 6461 is divided by 34.
1
Calculate the remainder when 239 is divided by 22.
19
Calculate the remainder when 646 is divided by 8.
6
What is the remainder when 338 is divided by 68?
66
What is the remainder when 145 is divided by 10?
5
What is the remainder when 131 is divided by 34?
29
Calculate the remainder when 2536 is divided by 318.
310
What is the remainder when 415 is divided by 38?
35
What is the remainder when 1487 is divided by 739?
9
What is the remainder when 7502 is divided by 8?
6
What is the remainder when 225 is divided by 222?
3
What is the remainder when 16336 is divided by 17?
16
What is the remainder when 35 is divided by 16?
3
Calculate the remainder when 1142 is divided by 52.
50
Calculate the remainder when 306 is divided by 82.
60
Calculate the remainder when 209 is divided by 24.
17
Calculate the remainder when 154 is divided by 28.
14
Calculate the remainder when 12998 is divided by 200.
198
Calculate the remainder when 357 is divided by 18.
15
Calculate the remainder when 307 is divided by 53.
42
What is the remainder when 386 is divided by 106?
68
Calculate the remainder when 352 is divided by 78.
40
Calculate the remainder when 351 is divided by 22.
21
Calculate the remainder when 74 is divided by 6.
2
What is the remainder when 502 is divided by 31?
6
Calculate the remainder when 153 is divided by 23.
15
Calculate the remainder when 1973 is divided by 4.
1
What is the remainder when 38 is divided by 2?
0
Calculate the remainder when 3357 is divided by 84.
81
Calculate the remainder when 2523 is divided by 158.
153
Calculate the remainder when 998 is divided by 7.
4
Calculate the remainder when 1123 is divided by 75.
73
What is the remainder when 3428 is divided by 29?
6
What is the remainder when 8621 is divided by 783?
8
What is the remainder when 75 is divided by 56?
19
What is the remainder when 47 is divided by 8?
7
What is the remainder when 715 is divided by 6?
1
Calculate the remainder when 3921 is divided by 109.
106
Calculate the remainder when 594 is divided by 67.
58
Calculate the remainder when 1214 is divided by 111.
104
Calculate the remainder when 448 is divided by 107.
20
Calculate the remainder when 204 is divided by 41.
40
What is the remainder when 8306 is divided by 117?
116
What is the remainder when 128 is divided by 29?
12
What is the remainder when 576 is divided by 73?
65
Calculate the remainder when 108 is divided by 78.
30
What is the remainder when 131 is divided by 12?
11
What is the remainder when 383 is divided by 55?
53
Calculate the remainder when 1206 is divided by 14.
2
Calculate the remainder when 498 is divided by 497.
1
What is the remainder when 1016 is divided by 65?
41
Calculate the remainder when 66 is divided by 36.
30
Calculate the remainder when 414 is divided by 30.
24
What is the remainder when 292 is divided by 6?
4
What is the remainder when 400 is divided by 12?
4
What is the remainder when 32 is divided by 18?
14
What is the remainder when 1172 is divided by 383?
23
What is the remainder when 863 is divided by 24?
23
Calculate the remainder when 276 is divided by 178.
98
Calculate the remainder when 410 is divided by 5.
0
What is the remainder when 1986 is divided by 247?
10
Calculate the remainder when 241 is divided by 23.
11
What is the remainder when 1078 is divided by 18?
16
What is the remainder when 1405 is divided by 88?
85
Calculate the remainder when 2601 is divided by 217.
214
What is the remainder when 129 is divided by 64?
1
What is the remainder when 2225 is divided by 220?
25
What is the remainder when 113 is divided by 31?
20
Calculate t